e millions digit of 2596323?
2
What is the tens digit of 151459?
5
What is the millions digit of 1046329?
1
What is the ten thousands digit of 348148?
4
What is the hundred thousands digit of 508264?
5
What is the hundreds digit of 83793?
7
What is the hundred thousands digit of 9808413?
8
What is the hundred thousands digit of 1186906?
1
What is the millions digit of 4732335?
4
What is the thousands digit of 674719?
4
What is the hundreds digit of 904751?
7
What is the thousands digit of 6223?
6
What is the hundreds digit of 696771?
7
What is the hundred thousands digit of 115873?
1
What is the thousands digit of 5740003?
0
What is the tens digit of 148990?
9
What is the units digit of 524841?
1
What is the ten thousands digit of 212929?
1
What is the tens digit of 17994609?
0
What is the hundreds digit of 237706?
7
What is the hundred thousands digit of 1450897?
4
What is the units digit of 526048?
8
What is the hundreds digit of 14829625?
6
What is the units digit of 149527?
7
What is the ten thousands digit of 746972?
4
What is the hundred thousands digit of 15944071?
9
What is the tens digit of 3757400?
0
What is the hundred thousands digit of 3247122?
2
What is the units digit of 285110?
0
What is the hundreds digit of 2990065?
0
What is the ten thousands digit of 1088225?
8
What is the ten thousands digit of 21322781?
2
What is the units digit of 1703280?
0
What is the units digit of 130748?
8
What is the units digit of 599035?
5
What is the thousands digit of 265328?
5
What is the units digit of 5326543?
3
What is the ten thousands digit of 7840822?
4
What is the thousands digit of 2621898?
1
What is the millions digit of 10921806?
0
What is the units digit of 601557?
7
What is the millions digit of 2033040?
2
What is the ten thousands digit of 2586203?
8
What is the hundred thousands digit of 17250678?
2
What is the ten thousands digit of 2914233?
1
What is the hundreds digit of 409384?
3
What is the millions digit of 7726293?
7
What is the hundreds digit of 1881950?
9
What is the hundreds digit of 52787?
7
What is the tens digit of 706789?
8
What is the thousands digit of 524910?
4
What is the units digit of 1496929?
9
What is the thousands digit of 178513?
8
What is the hundreds digit of 147086?
0
What is the hundreds digit of 20037531?
5
What is the hundred thousands digit of 730689?
7
What is the units digit of 12531461?
1
What is the hundreds digit of 114822?
8
What is the units digit of 5938945?
5
What is the thousands digit of 194867?
4
What is the hundred thousands digit of 479067?
4
What is the tens digit of 490765?
6
What is the tens digit of 1371555?
5
What is the millions digit of 3383725?
3
What is the millions digit of 8259692?
8
What is the tens digit of 18085874?
7
What is the thousands digit of 16460426?
0
What is the ten thousands digit of 935410?
3
What is the units digit of 1618391?
1
What is the thousands digit of 2819?
2
What is the units digit of 1772537?
7
What is the hundred thousands digit of 134652?
1
What is the ten thousands digit of 285948?
8
What is the ten thousands digit of 6257667?
5
What is the thousands digit of 578132?
8
What is the hundreds digit of 1355488?
4
What is the thousands digit of 231293?
1
What is the ten thousands digit of 508277?
0
What is the ten thousands digit of 466398?
6
What is the tens digit of 244573?
7
What is the thousands digit of 346791?
6
What is the tens digit of 2557829?
2
What is the thousands digit of 1091646?
1
What is the tens digit of 469920?
2
What is the tens digit of 373297?
9
What is the thousands digit of 1351732?
1
What is the hundreds digit of 386420?
4
What is the hundreds digit of 827349?
3
What is the thousands digit of 1884818?
4
What is the thousands digit of 1353312?
3
What is the ten thousands digit of 141156?
4
What is the hundreds digit of 268145?
1
What is the units digit of 263879?
9
What is the tens digit of 232696?
9
What is the units digit of 221580?
0
What is the units digit of 221739?
9
What is the units digit of 4144722?
2
What is the hundred thousands digit of 431887?
4
What is the units digit of 17045130?
0
What is the ten millions digit of 18142450?
1
What is the units digit of 163157?
7
What is the hundred thousands digit of 320468?
3
What is the thousands digit of 35518?
5
What is the ten thousands digit of 93194?
9
What is the ten thousands digit of 1140039?
4
What is the tens digit of 571525?
2
What is the units digit of 252932?
2
What is the hundreds digit of 3574297?
2
What is the hundreds digit of 1779497?
4
What is the millions digit of 2528726?
2
What is the ten millions digit of 12026326?
1
What is the millions digit of 6181682?
6
What is the ten thousands digit of 6055725?
5
What is the hundreds digit of 6028943?
9
What is the hundred thousands digit of 219234?
2
What is the millions digit of 1030644?
1
What is the tens digit of 1394110?
1
What is the ten thousands digit of 418876?
1
What is the tens digit of 1742796?
9
What is the hundred thousands digit of 13088710?
0
What is the ten thousands digit of 278520?
7
What is the thousands digit of 586356?
6
What is the units digit of 489301?
1
What is the ten thousands digit of 352956?
5
What is the millions digit of 2034444?
2
What is the millions digit of 1225785?
1
What is the tens digit of 2257736?
3
What is the thousands digit of 3891723?
1
What is the tens digit of 8974535?
3
What is the tens digit of 2942566?
6
What is the tens digit of 2635027?
2
What is the tens digit of 2698426?
2
What is the units digit of 3696974?
4
What is the hundreds digit of 2710785?
7
What is the ten thousands digit of 1473538?
7
What is the tens digit of 2188232?
3
What is the tens digit of 1658659?
5
What is the tens digit of 1034704?
0
What is the hundreds digit of 3318372?
3
What is the ten thousands digit of 97042?
9
What is the tens digit of 508158?
5
What is the millions digit of 4287257?
4
What is the hundreds digit of 10442?
4
What is the ten thousands digit of 3247461?
4
What is the millions digit of 5259274?
5
What is the millions digit of 5649691?
5
What is the ten thousands digit of 129654?
2
What is the units digit of 9763657?
7
What is the ten thousands digit of 1055720?
5
What is the thousands digit of 329225?
9
What is the thousands digit of 982657?
2
What is the hundred thousands digit of 436400?
4
What is the tens digit of 263716?
1
What is the tens digit of 4739297?
9
What is the thousands digit of 3554184?
4
What is the thousands digit of 87972?
7
What is the units digit of 1662086?
6
What is the thousands digit of 1433192?
3
What is the units digit of 5007685?
5
What is the units digit of 138482?
2
What is the ten thousands digit of 3588786?
8
What is the millions digit of 1370886?
1
What is the thousands digit of 328116?
8
What is the hundred thousands digit of 407982?
4
What is the hundred thousands digit of 241176?
2
What is the hundreds digit of 306291?
2
What is the tens digit of 991395?
9
What is the hundreds digit of 6113936?
9
What is the units digit of 79688?
8
What is the ten thousands digit of 101251?
0
What is the ten thousands digit of 192812?
9
What is the ten thousands digit of 10480903?
8
What is the units digit of 400847?
7
What is the hundreds digit of 412287?
2
What is the hundred thousands digit of 5413344?
4
What is the ten thousands digit of 162472?
6
What is the hundred thousands digit of 1437343?
4
What is the thousands digit of 4870764?
0
What is the thousands digit of 3172017?
2
What is the hundreds digit of 33054251?
2
What is the millions digit of 1561275?
1
What is the tens digit of 23766980?
8
What is the hundreds digit of 43489?
4
What is the units digit of 236690?
0
What is the hundred thousands digit of 8433533?
4
What is the ten thousands digit of 6498516?
9
What is the thousands digit of 18787772?
7
What is the tens digit of 1516140?
4
What is the hundreds digit of 1719026?
0
What is the thousands digit of 5156468?
6
What is the units digit of 2128337?
7
What is the hundred thousands digit of 5216633?
2
What is the units digit of 234346?
6
What is the tens digit of 1996678?
7
What is the tens digit of 265764?
6
What is the tens digit of 3100294?
9
What is the units digit of 163601?
1
What is the thousands digit of 128985?
8
What is the 